{"id":8,"date":"2013-05-09T09:40:44","date_gmt":"2013-05-09T09:40:44","guid":{"rendered":"http:\/\/clientss.xhtmlchop.com\/blog41548\/1gj6v3ge2c41548\/?page_id=4"},"modified":"2018-08-29T10:10:33","modified_gmt":"2018-08-29T08:10:33","slug":"impressum","status":"publish","type":"page","link":"https:\/\/www.molton-markt.de\/blog\/impressum\/","title":{"rendered":"Impressum"},"content":{"rendered":"<p>molton-web Roling GmbH<br \/>\nEmskamp 31<br \/>\n49584 F\u00fcrstenau<br \/>\nDeutschland<\/p>\n<p>Telefonnummer: 05902 &#8211; 99 833 0<br \/>\nFaxnummer: 05902 &#8211; 99 833 10<br \/>\nE-Mail-Adresse: <a href=\"mailto:info@molton-markt.de\">info@molton-markt.de<\/a><\/p>\n<p>Gesch\u00e4ftsf\u00fchrer: Guido Roling<\/p>\n<p>Handelsregister: Amtsgericht Osnabr\u00fcck, HRB 202580<\/p>\n<p>USt-IDNr: DE 263184802<\/p>\n<p>B\u00fcro und Lager (f\u00fcr Selbstabholer):<br \/>\nIndustriestra\u00dfe 4<br \/>\n49832 Freren<\/p>\n<p>&nbsp;<\/p>\n<p>Bildnachweise:<\/p>\n<p>\u00a9 Marat \/ Fotolia.com<\/p>\n","protected":false},"excerpt":{"rendered":"<p>molton-web Roling GmbH Emskamp 31 49584 F\u00fcrstenau Deutschland Telefonnummer: 05902 &#8211; 99 833 0 Faxnummer: 05902 &#8211; 99 833 10 E-Mail-Adresse: info@molton-markt.de Gesch\u00e4ftsf\u00fchrer: Guido Roling Handelsregister: Amtsgericht Osnabr\u00fcck, HRB 202580 USt-IDNr: DE 263184802 B\u00fcro und Lager (f\u00fcr Selbstabholer): Industriestra\u00dfe 4 &hellip; <a href=\"https:\/\/www.molton-markt.de\/blog\/impressum\/\"><\/a><\/p>\n","protected":false},"author":2,"featured_media":0,"parent":0,"menu_order":0,"comment_status":"open","ping_status":"open","template":"","meta":{"footnotes":""},"class_list":["post-8","page","type-page","status-publish","hentry"],"_links":{"self":[{"href":"https:\/\/www.molton-markt.de\/blog\/wp-json\/wp\/v2\/pages\/8","targetHints":{"allow":["GET"]}}],"collection":[{"href":"https:\/\/www.molton-markt.de\/blog\/wp-json\/wp\/v2\/pages"}],"about":[{"href":"https:\/\/www.molton-markt.de\/blog\/wp-json\/wp\/v2\/types\/page"}],"author":[{"embeddable":true,"href":"https:\/\/www.molton-markt.de\/blog\/wp-json\/wp\/v2\/users\/2"}],"replies":[{"embeddable":true,"href":"https:\/\/www.molton-markt.de\/blog\/wp-json\/wp\/v2\/comments?post=8"}],"version-history":[{"count":0,"href":"https:\/\/www.molton-markt.de\/blog\/wp-json\/wp\/v2\/pages\/8\/revisions"}],"wp:attachment":[{"href":"https:\/\/www.molton-markt.de\/blog\/wp-json\/wp\/v2\/media?parent=8"}],"curies":[{"name":"wp","href":"https:\/\/api.w.org\/{rel}","templated":true}]}}